a factor of 9910?
False
Is 2 a factor of 259?
False
Is 6 a factor of 1032?
True
Does 34 divide 646?
True
Does 12 divide 213?
False
Is 7 a factor of 74655?
True
Does 31 divide 9404?
False
Is 2480 a multiple of 40?
True
Is 372 a multiple of 10?
False
Is 176 a factor of 880?
True
Does 59 divide 20319?
False
Does 9 divide 43860?
False
Does 56 divide 1512?
True
Does 60 divide 2603?
False
Does 92 divide 552?
True
Is 1020 a multiple of 68?
True
Is 517 a multiple of 49?
False
Does 40 divide 3448?
False
Does 17 divide 128?
False
Does 29 divide 14355?
True
Does 19 divide 646?
True
Does 5 divide 26731?
False
Is 25 a factor of 1925?
True
Is 25 a factor of 14652?
False
Is 709 a multiple of 40?
False
Does 25 divide 275?
True
Does 11 divide 477?
False
Does 10 divide 24944?
False
Is 4 a factor of 14736?
True
Is 53 a factor of 13060?
False
Does 13 divide 73437?
True
Is 441 a multiple of 57?
False
Is 19845 a multiple of 45?
True
Is 6 a factor of 704?
False
Does 5 divide 180?
True
Is 4 a factor of 8924?
True
Is 34 a factor of 162350?
True
Is 20900 a multiple of 209?
True
Is 811 a multiple of 5?
False
Is 51 a factor of 867?
True
Is 7 a factor of 196?
True
Is 41 a factor of 3936?
True
Is 3 a factor of 43?
False
Is 1189 a multiple of 53?
False
Is 325 a factor of 56629?
False
Does 269 divide 44923?
True
Is 8 a factor of 3790?
False
Is 20 a factor of 148863?
False
Does 3 divide 135?
True
Does 11 divide 594?
True
Is 997 a multiple of 27?
False
Is 28 a factor of 516?
False
Is 208 even?
True
Does 202 divide 40597?
False
Is 418 a multiple of 11?
True
Is 600 a multiple of 66?
False
Is 28 a factor of 10920?
True
Is 83 a factor of 6142?
True
Is 28 a factor of 12264?
True
Is 91 a factor of 819?
True
Does 117 divide 37791?
True
Is 18 a factor of 828?
True
Does 74 divide 10804?
True
Does 150 divide 424?
False
Is 352 a multiple of 20?
False
Is 6032 a multiple of 116?
True
Is 288 a multiple of 32?
True
Is 12 a factor of 336?
True
Is 126 a factor of 5320?
False
Is 32 a factor of 10787?
False
Is 324 a multiple of 12?
True
Is 1764 a multiple of 21?
True
Does 11 divide 660?
True
Does 17 divide 2766?
False
Is 37 a factor of 31820?
True
Is 14 a factor of 48664?
True
Is 6 a factor of 28270?
False
Is 630 a multiple of 3?
True
Is 7854 a multiple of 17?
True
Is 2 a factor of 52?
True
Is 5 a factor of 794?
False
Is 935 a multiple of 11?
True
Is 15 a factor of 5280?
True
Is 244 a multiple of 3?
False
Is 1430 a multiple of 65?
True
Does 13 divide 3133?
True
Is 3 a factor of 2371?
False
Does 2 divide 107?
False
Is 405 a multiple of 76?
False
Is 129 a factor of 19758?
False
Does 32 divide 14230?
False
Is 10 a factor of 30?
True
Is 20 a factor of 45134?
False
Is 29 a factor of 725?
True
Is 2513 a multiple of 135?
False
Is 10474 a multiple of 6?
False
Does 63 divide 1512?
True
Is 3273 a multiple of 14?
False
Does 13 divide 1026?
False
Does 14 divide 686?
True
Is 71 a factor of 14626?
True
Is 910 a multiple of 14?
True
Is 49 a factor of 2689?
False
Is 12 a factor of 2748?
True
Does 3 divide 35028?
True
Does 4 divide 218?
False
Is 841 even?
False
Is 12 a factor of 7827?
False
Is 38 a factor of 1902?
False
Does 10 divide 1653?
False
Is 10 a factor of 2400?
True
Is 29 a factor of 17136?
False
Is 27 a multiple of 2?
False
Is 7520 a multiple of 94?
True
Is 13 a factor of 429?
True
Is 44965 a multiple of 85?
True
Is 2 a factor of 520?
True
Is 12 a factor of 15450?
False
Is 15872 a multiple of 124?
True
Does 41 divide 1763?
True
Does 6 divide 7?
False
Is 32 a factor of 9893?
False
Is 26 a factor of 100?
False
Is 212 a factor of 4659?
False
Is 1320 a multiple of 12?
True
Is 13 a factor of 12639?
False
Is 33 a factor of 792?
True
Does 6 divide 228?
True
Is 4 a factor of 2326?
False
Is 39 a factor of 76?
False
Is 26 a factor of 824?
False
Does 10 divide 27365?
False
Is 418 a multiple of 11?
True
Is 1111 a multiple of 53?
False
Is 3936 a multiple of 82?
True
Does 2 divide 323?
False
Is 13752 a multiple of 18?
True
Does 12 divide 960?
True
Is 2313 a multiple of 9?
True
Is 16881 a multiple of 17?
True
Is 38168 a multiple of 14?
False
Does 7 divide 4076?
False
Is 3287 a multiple of 36?
False
Does 43 divide 1935?
True
Is 20 a factor of 547?
False
Is 528 a multiple of 20?
False
Does 55 divide 16830?
True
Does 2 divide 4390?
True
Does 18 divide 4932?
True
Is 1835 a multiple of 5?
True
Is 36239 a multiple of 184?
False
Is 15925 a multiple of 118?
False
Does 16 divide 45296?
True
Is 1335 even?
False
Is 21616 a multiple of 4?
True
Is 141 a factor of 10857?
True
Is 499 a multiple of 10?
False
Is 90 a multiple of 45?
True
Does 9 divide 2538?
True
Is 39 a factor of 8537?
False
Does 38 divide 1132?
False
Is 53 a factor of 2335?
False
Is 97 a factor of 81974?
False
Does 28 divide 1673?
False
Is 1340 a multiple of 30?
False
Is 1013 a multiple of 27?
False
Is 72584 a multiple of 319?
False
Does 25 divide 18350?
True
Is 2785 a multiple of 3?
False
Is 12 a factor of 8095?
False
Is 60 a factor of 660?
True
Is 2 a factor of 294?
True
Does 46 divide 58486?
False
Does 5 divide 1548?
False
Is 7 a factor of 12922?
True
Does 27 divide 16253?
False
Does 43 divide 15093?
True
Is 41 a factor of 1435?
True
Is 8 a factor of 3400?
True
Is 5 a factor of 675?
True
Is 1044 a multiple of 18?
True
Is 371 a multiple of 4?
False
Does 183 divide 501?
False
Is 67 a factor of 17152?
True
Is 4970 a multiple of 10?
True
Is 1292 a multiple of 4?
True
Does 37 divide 222?
True
Does 11 divide 1441?
True
Does 139 divide 101748?
True
Is 15048 a multiple of 171?
True
Is 5 a factor of 3130?
True
Is 484 a multiple of 44?
True
Is 3585 a multiple of 36?
False
Is 287 a multiple of 7?
True
Is 8 a factor of 1024?
True
Is 4115 a multiple of 120?
False
Does 27 divide 6390?
False
Does 3 divide 32?
False
Is 7 a multiple of 7?
True
Is 256 a multiple of 16?
True
Is 9 a factor of 2421?
True
Is 4150 a multiple of 50?
True
Is 14 a factor of 2072?
True
Is 119 a factor of 2466?
False
Does 26 divide 2028?
True
Is 37 a factor of 370?
True
Is 286 a multiple of 4?
False
Does 76 divide 6764?
True
Is 10 a factor of 738?
False
Is 20 a factor of 12080?
True
Does 26 divide 36322?
True
Is 38809 a multiple of 197?
True
Is 8258 a multiple of 19?
False
Does 3 divide 4746?
True
Is 774 a multiple of 9?
True
Does 12 divide 1768?
False
Does 43 divide 727?
False
Is 13 a factor of 74191?
True
Is 25 a factor of 256?
False
Is 336 a multiple of 41?
False
Is 7 a factor of 21539?
True
Does 11 divide 1610?
False
Is 30 a factor of 2190?
True
Does 23 divide 19190?
False
Does 9 divide 380?
False
Is 54 a factor of 2646?
True
Is 98980 a multiple of 70?
True
Is 12868 a multiple of 13?
False
Does 100 divide 1411?
False
Is 1368 a multiple of 4?
True
Is 3430 a multiple of 56?
False
Does 3 divide 1059?
True
Is 632 a multiple of 40?
False
Is 2170 a multiple of 10?
True
Is 25474 a multiple of 23?
False
Is 92 a factor of 736?
True
Is 1803 a multiple of 13?
False
Does 19 divide 304?
True
Is 40 a factor of 1270?
False
Is 6 a factor of 232?
False
Does 5 divide 1325?
True
Is 3654 a multiple of 41?
False
Does 4 divide 21090?
False
Is 7168 a multiple of 16?
True
Is 944 a multiple of 43?
False
Is 45 a factor of 1162?
False
Is 10 a factor of 795?
False
Is 183 a factor of 20696?
False
Does 29 divide 493?
True
Is 35 a factor of 1435?
True
Does 17 divide 103526?
False
Does 25 divide 1402?
False
Does 27 divide 1026?
True
Is 165 a multiple of 5?
True
Is 17 a factor of 15929?
True
Does 9 divide 12420?
True
Is 68760 a multiple of 191?
True
Does 10 divide 1080?
True
Does 12 divide 7584?
True
Does 48 divide 480?
True
Is 17 a factor of 1464?
False
Does 7 divide 22897?
True
Is 2 a factor of 83?
False
Is 644 a multiple of 14?
True
Does 332 divide 4088?
False
Is 1414 a multiple of 7?
True
Is 10 a factor of 10020?
True
Does 24 divide 11017?
False
Is 100 a multiple of 13?
False
Is 1890 a multiple of 5?
True
Is 44 a factor of 836?
True
Is 113 a factor of 9153?
True
Is 12 a factor of 10251?
False
Is 24 a factor of 401?
False
Is 89 a factor of 101549?
True
Is 23452 a multiple of 44?
True
Is 1751 a multiple of 6?
False
Is 28 a factor of 3495?
False
Is 646 a multiple of 23?
False
Is 5920 a multiple of 12?
False
Is 15 a factor of 600?
True
Is 684 a multiple of 12?
True
Is 2660 a multiple of 51?
False
Is 246 a multiple of 4?
False
Is 3